{"id":392,"date":"2013-02-07T09:20:03","date_gmt":"2013-02-07T08:20:03","guid":{"rendered":"http:\/\/www.sgmeschede-nord.de\/wpress\/?page_id=392"},"modified":"2023-11-22T22:35:32","modified_gmt":"2023-11-22T21:35:32","slug":"zug-1","status":"publish","type":"page","link":"https:\/\/www.sgmeschede-nord.de\/wpress\/schuetzengemeinschaft\/zug-1\/","title":{"rendered":"Zug 1"},"content":{"rendered":"<p><strong>Zugf\u00fchrer Zug I<\/strong><br \/>\nDaniel Moldenhauer<br \/>\nAdresse: &#8211;<br \/>\n59872 Meschede<br \/>\nTel.: &#8211;<br \/>\nMail: zug1@SGMeschede-Nord.de<\/p>\n<p>Durch zahlreiche Aktivit\u00e4ten wie z.B. dem \u00fcber die Zuggrenzen beliebten Familienwandertag am ersten Mai, dem Kickerturnier, dem Oktoberfest, einer Nikolausfeier und dem Silvesterskat machte der erste Zug immer wieder von sich reden. Diese Veranstaltungen werden nat\u00fcrlich nicht durch eine einzelne Person bew\u00e4ltigt, sondern mit Hilfe eines schlagkr\u00e4ftigen Gremiums in die Tat umgesetzt.<\/p>\n<h4><span style=\"color: #0f3f74;\"><strong>Bisherige Zugf\u00fchrer des I. Zuges<\/strong><\/span><\/h4>\n<table style=\"height: 5px;\" width=\"910\">\n<tbody>\n<tr>\n<th>Name<\/th>\n<th>Zeitraum (von &#8211; bis)<\/th>\n<\/tr>\n<tr>\n<td>Daniel Moldenhauer<\/td>\n<td>18.11.2023 &#8211; heute<\/td>\n<\/tr>\n<tr>\n<td>Rafael Bremer<\/td>\n<td>20.11.2022 &#8211; 18.11.2023<\/td>\n<\/tr>\n<tr>\n<td>Andreas Triebs<\/td>\n<td>04.11.2012 &#8211; 01.10.2021<\/td>\n<\/tr>\n<tr>\n<td>Timo Lampe<\/td>\n<td>12.03.2010 &#8211; 04.11.2012<\/td>\n<\/tr>\n<tr>\n<td>Josef Grothof<\/td>\n<td>Nov. 2004 &#8211; Nov. 2009<\/td>\n<\/tr>\n<tr>\n<td>Uwe Beckmann<\/td>\n<td>2001-2004<\/td>\n<\/tr>\n<tr>\n<td>Markus Hoffmann<\/td>\n<td>1994-2001<\/td>\n<\/tr>\n<tr>\n<td>Rolf Roland<\/td>\n<td>1986-1994<\/td>\n<\/tr>\n<tr>\n<td>Hugo Hammerschmidt<\/td>\n<td>1973-1986<\/td>\n<\/tr>\n<tr>\n<td>Wolfgang Dombach<\/td>\n<td>1970-1973<\/td>\n<\/tr>\n<tr>\n<td>Willi Donner<\/td>\n<td>1961-1970<\/td>\n<\/tr>\n<tr>\n<td>Hermann Knauerhase<\/td>\n<td>1958-1961<\/td>\n<\/tr>\n<\/tbody>\n<\/table>\n<h4><span style=\"color: #0f3f74;\"><strong>Fotos einiger Veranstaltungen des Zuges<\/strong><\/span><\/h4>\n<table width=\"100%\">\n<tbody>\n<tr>\n<td>Kickerturnier<\/td>\n<td>Wandertag<\/td>\n<td>Nikolausfeier<\/td>\n<\/tr>\n<tr>\n<td><img decoding=\"async\" src=\"http:\/\/www.sgmeschede-nord.de\/wpress\/wp-content\/uploads\/2013\/02\/kickerturnier-zug1.jpg\" \/><\/td>\n<td><img decoding=\"async\" src=\"http:\/\/www.sgmeschede-nord.de\/wpress\/wp-content\/uploads\/2013\/02\/wandertag-zug1.jpg\" \/><\/td>\n<td><img decoding=\"async\" src=\"http:\/\/www.sgmeschede-nord.de\/wpress\/wp-content\/uploads\/2013\/02\/nikolausfeier-zug1.jpg\" \/><\/td>\n<\/tr>\n<\/tbody>\n<\/table>\n","protected":false},"excerpt":{"rendered":"<p>Zugf\u00fchrer Zug I Daniel Moldenhauer Adresse: &#8211; 59872 Meschede Tel.: &#8211; Mail: zug1@SGMeschede-Nord.de Durch zahlreiche Aktivit\u00e4ten wie z.B. dem \u00fcber die Zuggrenzen beliebten Familienwandertag am ersten Mai, dem Kickerturnier, dem Oktoberfest, einer Nikolausfeier und dem Silvesterskat machte der erste Zug immer wieder von sich reden. Diese Veranstaltungen werden nat\u00fcrlich nicht durch eine einzelne Person bew\u00e4ltigt, sondern mit Hilfe eines schlagkr\u00e4ftigen [&#8230;]<\/p>\n","protected":false},"author":1,"featured_media":0,"parent":4139,"menu_order":3,"comment_status":"closed","ping_status":"closed","template":"template-fullwidth.php","meta":{"pgc_sgb_lightbox_settings":"","footnotes":""},"class_list":["post-392","page","type-page","status-publish","hentry"],"_links":{"self":[{"href":"https:\/\/www.sgmeschede-nord.de\/wpress\/wp-json\/wp\/v2\/pages\/392","targetHints":{"allow":["GET"]}}],"collection":[{"href":"https:\/\/www.sgmeschede-nord.de\/wpress\/wp-json\/wp\/v2\/pages"}],"about":[{"href":"https:\/\/www.sgmeschede-nord.de\/wpress\/wp-json\/wp\/v2\/types\/page"}],"author":[{"embeddable":true,"href":"https:\/\/www.sgmeschede-nord.de\/wpress\/wp-json\/wp\/v2\/users\/1"}],"replies":[{"embeddable":true,"href":"https:\/\/www.sgmeschede-nord.de\/wpress\/wp-json\/wp\/v2\/comments?post=392"}],"version-history":[{"count":20,"href":"https:\/\/www.sgmeschede-nord.de\/wpress\/wp-json\/wp\/v2\/pages\/392\/revisions"}],"predecessor-version":[{"id":9970,"href":"https:\/\/www.sgmeschede-nord.de\/wpress\/wp-json\/wp\/v2\/pages\/392\/revisions\/9970"}],"up":[{"embeddable":true,"href":"https:\/\/www.sgmeschede-nord.de\/wpress\/wp-json\/wp\/v2\/pages\/4139"}],"wp:attachment":[{"href":"https:\/\/www.sgmeschede-nord.de\/wpress\/wp-json\/wp\/v2\/media?parent=392"}],"curies":[{"name":"wp","href":"https:\/\/api.w.org\/{rel}","templated":true}]}}

<p><strong>Zugführer Zug I</strong><br />
Daniel Moldenhauer<br />
Adresse: &#8211;<br />
59872 Meschede<br />
Tel.: &#8211;<br />
Mail: zug1@SGMeschede-Nord.de</p>
<p>Durch zahlreiche Aktivitäten wie z.B. dem über die Zuggrenzen beliebten Familienwandertag am ersten Mai, dem Kickerturnier, dem Oktoberfest, einer Nikolausfeier und dem Silvesterskat machte der erste Zug immer wieder von sich reden. Diese Veranstaltungen werden natürlich nicht durch eine einzelne Person bewältigt, sondern mit Hilfe eines schlagkräftigen Gremiums in die Tat umgesetzt.</p>
<h4><span style="color: #0f3f74;"><strong>Bisherige Zugführer des I. Zuges</strong></span></h4>
<table style="height: 5px;" width="910">
<tbody>
<tr>
<th>Name</th>
<th>Zeitraum (von &#8211; bis)</th>
</tr>
<tr>
<td>Daniel Moldenhauer</td>
<td>18.11.2023 &#8211; heute</td>
</tr>
<tr>
<td>Rafael Bremer</td>
<td>20.11.2022 &#8211; 18.11.2023</td>
</tr>
<tr>
<td>Andreas Triebs</td>
<td>04.11.2012 &#8211; 01.10.2021</td>
</tr>
<tr>
<td>Timo Lampe</td>
<td>12.03.2010 &#8211; 04.11.2012</td>
</tr>
<tr>
<td>Josef Grothof</td>
<td>Nov. 2004 &#8211; Nov. 2009</td>
</tr>
<tr>
<td>Uwe Beckmann</td>
<td>2001-2004</td>
</tr>
<tr>
<td>Markus Hoffmann</td>
<td>1994-2001</td>
</tr>
<tr>
<td>Rolf Roland</td>
<td>1986-1994</td>
</tr>
<tr>
<td>Hugo Hammerschmidt</td>
<td>1973-1986</td>
</tr>
<tr>
<td>Wolfgang Dombach</td>
<td>1970-1973</td>
</tr>
<tr>
<td>Willi Donner</td>
<td>1961-1970</td>
</tr>
<tr>
<td>Hermann Knauerhase</td>
<td>1958-1961</td>
</tr>
</tbody>
</table>
<h4><span style="color: #0f3f74;"><strong>Fotos einiger Veranstaltungen des Zuges</strong></span></h4>
<table width="100%">
<tbody>
<tr>
<td>Kickerturnier</td>
<td>Wandertag</td>
<td>Nikolausfeier</td>
</tr>
<tr>
<td><img decoding="async" src="http://www.sgmeschede-nord.de/wpress/wp-content/uploads/2013/02/kickerturnier-zug1.jpg" /></td>
<td><img decoding="async" src="http://www.sgmeschede-nord.de/wpress/wp-content/uploads/2013/02/wandertag-zug1.jpg" /></td>
<td><img decoding="async" src="http://www.sgmeschede-nord.de/wpress/wp-content/uploads/2013/02/nikolausfeier-zug1.jpg" /></td>
</tr>
</tbody>
</table>

<p>Zugführer Zug I Daniel Moldenhauer Adresse: &#8211; 59872 Meschede Tel.: &#8211; Mail: zug1@SGMeschede-Nord.de Durch zahlreiche Aktivitäten wie z.B. dem über die Zuggrenzen beliebten Familienwandertag am ersten Mai, dem Kickerturnier, dem Oktoberfest, einer Nikolausfeier und dem Silvesterskat machte der erste Zug immer wieder von sich reden. Diese Veranstaltungen werden natürlich nicht durch eine einzelne Person bewältigt, sondern mit Hilfe eines schlagkräftigen [&#8230;]</p>
