{"id":445,"date":"2013-02-08T10:50:38","date_gmt":"2013-02-08T09:50:38","guid":{"rendered":"http:\/\/www.sgmeschede-nord.de\/wpress\/?page_id=445"},"modified":"2025-10-30T23:36:30","modified_gmt":"2025-10-30T22:36:30","slug":"zug-2","status":"publish","type":"page","link":"https:\/\/www.sgmeschede-nord.de\/wpress\/schuetzengemeinschaft\/zug-2\/","title":{"rendered":"Zug 2"},"content":{"rendered":"<p><strong>Zugf\u00fchrer Zug II<\/strong><br \/>\nKai Giers<br \/>\nAdresse: &#8211;<br \/>\n59872 Meschede<br \/>\nTel.: &#8211;<br \/>\nMail: zug2@SGMeschede-Nord.de<\/p>\n<p>Das sich der 2. Zug, genau so wie die anderen beiden Z\u00fcge, st\u00e4ndig was f\u00fcr die Zugmitglieder einfallen l\u00e4sst, ist Sonnenklar. H\u00f6hepunkt im Jahr des Zuges ist der Familienwandertag, der wie jedes Jahr auf Christi Himmelfahrt stattfindet. Auch gibt es ein Preisknobeln \u00fcber drei Tage mit sehr attraktiven Preisen. Selbstverst\u00e4ndlich wird auch j\u00e4hrlich der Martins-Zug sowie eine Nikolausfeier durchgef\u00fchrt, wie auch in Zusammenarbeit mit den anderen beiden Z\u00fcgen ein Kindersch\u00fctzenfest am Vereinshaus und die Weihnachtsbaumaktion.<br \/>\nWeitere soziale Aktivit\u00e4ten zeigt der Zug II in der Pflege der Gedenktafel am Stimm-Stamm (gegen\u00fcber dem Abzweig in Richtung Hirschberg), sowie in der Patenschaft \u00fcber den Schaukasten in der Rosenstra\u00dfe.<\/p>\n<h4><span style=\"color: #0f3f74;\"><strong>Bisherige Zugf\u00fchrer des II. Zuges<\/strong><\/span><\/h4>\n<table width=\"100%\">\n<tbody>\n<tr>\n<th>Name<\/th>\n<th>Zeitraum (von &#8211; bis)<\/th>\n<\/tr>\n<tr>\n<td>Kai Giers<\/td>\n<td>04.10.2025 &#8211; heute<\/td>\n<\/tr>\n<tr>\n<td>Marco Voss<\/td>\n<td>31.10.2023 &#8211; 04.10.2025<\/td>\n<\/tr>\n<tr>\n<td>Kai Giers<\/td>\n<td>04.11.2017 &#8211; 31.10.2023<\/td>\n<\/tr>\n<tr>\n<td>Thorsten Rotter<\/td>\n<td>31.10.2011 &#8211; 04.11.2017<\/td>\n<\/tr>\n<tr>\n<td>Dietmar Pietz<\/td>\n<td>31.10.2008 &#8211; 31.10.2011<\/td>\n<\/tr>\n<tr>\n<td>Markus B\u00f6defeld<\/td>\n<td>31.10.2002 &#8211; 31.10.2008<\/td>\n<\/tr>\n<tr>\n<td>Ingo Friedel<\/td>\n<td>15.11.1999 &#8211; 31.10.2002<\/td>\n<\/tr>\n<tr>\n<td>Hans-J\u00fcrgen Schmalz<\/td>\n<td>15.04.1989 &#8211; 15.11.1999<\/td>\n<\/tr>\n<tr>\n<td>Herbert Vollmer<\/td>\n<td>16.01.1976 &#8211; 14.04.1989<\/td>\n<\/tr>\n<tr>\n<td>Johannes Mertens<\/td>\n<td>20.01.1973 &#8211; 16.01.1976<\/td>\n<\/tr>\n<tr>\n<td>Bernhard Kenter<\/td>\n<td>16.01.1970 &#8211; 20.01.1973<\/td>\n<\/tr>\n<tr>\n<td>Wolfgang Dierkes<\/td>\n<td>20.01.1967 &#8211; 16.01.1970<\/td>\n<\/tr>\n<tr>\n<td>Willi Lumme<\/td>\n<td>17.01.1964 &#8211; 20.01.1967<\/td>\n<\/tr>\n<tr>\n<td>Wilhelm Winkler<\/td>\n<td>31.01.1961 &#8211; 17.01.1964<\/td>\n<\/tr>\n<tr>\n<td>Alfred Schlinkert<\/td>\n<td>18.01.1958 &#8211; 31.01.1961<\/td>\n<\/tr>\n<\/tbody>\n<\/table>\n<h4><span style=\"color: #0f3f74;\"><strong>Fotos einiger Veranstaltungen des Zuges<\/strong><\/span><\/h4>\n<table width=\"100%\">\n<tbody>\n<tr>\n<td>Wandertag<\/td>\n<td>Sommerfest<\/td>\n<td>Nikolausfeier<\/td>\n<\/tr>\n<tr>\n<td><img decoding=\"async\" src=\"http:\/\/www.sgmeschede-nord.de\/wpress\/wp-content\/uploads\/2013\/02\/wandertag-zug2.jpg\" \/><\/td>\n<td><img decoding=\"async\" src=\"http:\/\/www.sgmeschede-nord.de\/wpress\/wp-content\/uploads\/2013\/02\/sommerfest-zug2.jpg\" \/><\/td>\n<td><img decoding=\"async\" src=\"http:\/\/www.sgmeschede-nord.de\/wpress\/wp-content\/uploads\/2013\/02\/nikolausfeier-zug2.jpg\" \/><\/td>\n<\/tr>\n<\/tbody>\n<\/table>\n","protected":false},"excerpt":{"rendered":"<p>Zugf\u00fchrer Zug II Kai Giers Adresse: &#8211; 59872 Meschede Tel.: &#8211; Mail: zug2@SGMeschede-Nord.de Das sich der 2. Zug, genau so wie die anderen beiden Z\u00fcge, st\u00e4ndig was f\u00fcr die Zugmitglieder einfallen l\u00e4sst, ist Sonnenklar. H\u00f6hepunkt im Jahr des Zuges ist der Familienwandertag, der wie jedes Jahr auf Christi Himmelfahrt stattfindet. Auch gibt es ein Preisknobeln \u00fcber drei Tage mit sehr [&#8230;]<\/p>\n","protected":false},"author":1,"featured_media":0,"parent":4139,"menu_order":4,"comment_status":"closed","ping_status":"closed","template":"template-fullwidth.php","meta":{"pgc_sgb_lightbox_settings":"","footnotes":""},"class_list":["post-445","page","type-page","status-publish","hentry"],"_links":{"self":[{"href":"https:\/\/www.sgmeschede-nord.de\/wpress\/wp-json\/wp\/v2\/pages\/445","targetHints":{"allow":["GET"]}}],"collection":[{"href":"https:\/\/www.sgmeschede-nord.de\/wpress\/wp-json\/wp\/v2\/pages"}],"about":[{"href":"https:\/\/www.sgmeschede-nord.de\/wpress\/wp-json\/wp\/v2\/types\/page"}],"author":[{"embeddable":true,"href":"https:\/\/www.sgmeschede-nord.de\/wpress\/wp-json\/wp\/v2\/users\/1"}],"replies":[{"embeddable":true,"href":"https:\/\/www.sgmeschede-nord.de\/wpress\/wp-json\/wp\/v2\/comments?post=445"}],"version-history":[{"count":21,"href":"https:\/\/www.sgmeschede-nord.de\/wpress\/wp-json\/wp\/v2\/pages\/445\/revisions"}],"predecessor-version":[{"id":11591,"href":"https:\/\/www.sgmeschede-nord.de\/wpress\/wp-json\/wp\/v2\/pages\/445\/revisions\/11591"}],"up":[{"embeddable":true,"href":"https:\/\/www.sgmeschede-nord.de\/wpress\/wp-json\/wp\/v2\/pages\/4139"}],"wp:attachment":[{"href":"https:\/\/www.sgmeschede-nord.de\/wpress\/wp-json\/wp\/v2\/media?parent=445"}],"curies":[{"name":"wp","href":"https:\/\/api.w.org\/{rel}","templated":true}]}}

<p><strong>Zugführer Zug II</strong><br />
Kai Giers<br />
Adresse: &#8211;<br />
59872 Meschede<br />
Tel.: &#8211;<br />
Mail: zug2@SGMeschede-Nord.de</p>
<p>Das sich der 2. Zug, genau so wie die anderen beiden Züge, ständig was für die Zugmitglieder einfallen lässt, ist Sonnenklar. Höhepunkt im Jahr des Zuges ist der Familienwandertag, der wie jedes Jahr auf Christi Himmelfahrt stattfindet. Auch gibt es ein Preisknobeln über drei Tage mit sehr attraktiven Preisen. Selbstverständlich wird auch jährlich der Martins-Zug sowie eine Nikolausfeier durchgeführt, wie auch in Zusammenarbeit mit den anderen beiden Zügen ein Kinderschützenfest am Vereinshaus und die Weihnachtsbaumaktion.<br />
Weitere soziale Aktivitäten zeigt der Zug II in der Pflege der Gedenktafel am Stimm-Stamm (gegenüber dem Abzweig in Richtung Hirschberg), sowie in der Patenschaft über den Schaukasten in der Rosenstraße.</p>
<h4><span style="color: #0f3f74;"><strong>Bisherige Zugführer des II. Zuges</strong></span></h4>
<table width="100%">
<tbody>
<tr>
<th>Name</th>
<th>Zeitraum (von &#8211; bis)</th>
</tr>
<tr>
<td>Kai Giers</td>
<td>04.10.2025 &#8211; heute</td>
</tr>
<tr>
<td>Marco Voss</td>
<td>31.10.2023 &#8211; 04.10.2025</td>
</tr>
<tr>
<td>Kai Giers</td>
<td>04.11.2017 &#8211; 31.10.2023</td>
</tr>
<tr>
<td>Thorsten Rotter</td>
<td>31.10.2011 &#8211; 04.11.2017</td>
</tr>
<tr>
<td>Dietmar Pietz</td>
<td>31.10.2008 &#8211; 31.10.2011</td>
</tr>
<tr>
<td>Markus Bödefeld</td>
<td>31.10.2002 &#8211; 31.10.2008</td>
</tr>
<tr>
<td>Ingo Friedel</td>
<td>15.11.1999 &#8211; 31.10.2002</td>
</tr>
<tr>
<td>Hans-Jürgen Schmalz</td>
<td>15.04.1989 &#8211; 15.11.1999</td>
</tr>
<tr>
<td>Herbert Vollmer</td>
<td>16.01.1976 &#8211; 14.04.1989</td>
</tr>
<tr>
<td>Johannes Mertens</td>
<td>20.01.1973 &#8211; 16.01.1976</td>
</tr>
<tr>
<td>Bernhard Kenter</td>
<td>16.01.1970 &#8211; 20.01.1973</td>
</tr>
<tr>
<td>Wolfgang Dierkes</td>
<td>20.01.1967 &#8211; 16.01.1970</td>
</tr>
<tr>
<td>Willi Lumme</td>
<td>17.01.1964 &#8211; 20.01.1967</td>
</tr>
<tr>
<td>Wilhelm Winkler</td>
<td>31.01.1961 &#8211; 17.01.1964</td>
</tr>
<tr>
<td>Alfred Schlinkert</td>
<td>18.01.1958 &#8211; 31.01.1961</td>
</tr>
</tbody>
</table>
<h4><span style="color: #0f3f74;"><strong>Fotos einiger Veranstaltungen des Zuges</strong></span></h4>
<table width="100%">
<tbody>
<tr>
<td>Wandertag</td>
<td>Sommerfest</td>
<td>Nikolausfeier</td>
</tr>
<tr>
<td><img decoding="async" src="http://www.sgmeschede-nord.de/wpress/wp-content/uploads/2013/02/wandertag-zug2.jpg" /></td>
<td><img decoding="async" src="http://www.sgmeschede-nord.de/wpress/wp-content/uploads/2013/02/sommerfest-zug2.jpg" /></td>
<td><img decoding="async" src="http://www.sgmeschede-nord.de/wpress/wp-content/uploads/2013/02/nikolausfeier-zug2.jpg" /></td>
</tr>
</tbody>
</table>

<p>Zugführer Zug II Kai Giers Adresse: &#8211; 59872 Meschede Tel.: &#8211; Mail: zug2@SGMeschede-Nord.de Das sich der 2. Zug, genau so wie die anderen beiden Züge, ständig was für die Zugmitglieder einfallen lässt, ist Sonnenklar. Höhepunkt im Jahr des Zuges ist der Familienwandertag, der wie jedes Jahr auf Christi Himmelfahrt stattfindet. Auch gibt es ein Preisknobeln über drei Tage mit sehr [&#8230;]</p>
