{"id":453,"date":"2013-02-08T11:12:53","date_gmt":"2013-02-08T10:12:53","guid":{"rendered":"http:\/\/www.sgmeschede-nord.de\/wpress\/?page_id=453"},"modified":"2023-06-20T00:05:20","modified_gmt":"2023-06-19T22:05:20","slug":"zug-3","status":"publish","type":"page","link":"https:\/\/www.sgmeschede-nord.de\/wpress\/schuetzengemeinschaft\/zug-3\/","title":{"rendered":"Zug 3"},"content":{"rendered":"<p><strong>Zugf\u00fchrer Zug III<\/strong><br \/>\nThomas Heinemann<br \/>\nSiedlungsstra\u00dfe 44<br \/>\nTel.: 0170-9932038<br \/>\nMail: zug3@sgmeschede-nord.de<\/p>\n<p><img decoding=\"async\" src=\"http:\/\/www.sgmeschede-nord.de\/wpress\/wp-content\/uploads\/2013\/02\/thomas-heinemann-2013.jpg\" \/><\/p>\n<p>In der Zugversammlung 2011 wurde Thomas Heinemann zum Zugf\u00fchrer des 3. Zuges gew\u00e4hlt, als Nachfolger von Mario Levermann der nicht mehr kandidierte. Mario Levermann wurde unter gro\u00dfem Applaus mit einem dicken Blumenstrau\u00df (den er sich mit seiner Lebensgef\u00e4hrtin teilen wird) und einem Bilderrahmen mit einer Sammlung Bilder aus seiner aktiven Zugf\u00fchrerzeit, verabschiedet. Der Zug III m\u00f6chte sich auf diesem Wege noch einmal recht herzlich f\u00fcr die von Mario geleistete Arbeit bedanken. Das Highlight im dritten Zug ist in jedem Sommer das Kartoffelbraten unterm Hainberg an der Spielmannsklause. Weiterhin wird regelm\u00e4\u00dfig ein Kegelturnier im Herbst, sowie eine Nikolausfeier im Winter ausgerichtet.<\/p>\n<h4><span style=\"color: #0f3f74;\"><strong>Bisherige Zugf\u00fchrer des III. Zuges<\/strong><\/span><\/h4>\n<table width=\"100%\">\n<tbody>\n<tr>\n<th>Name<\/th>\n<th>Zeitraum (von &#8211; bis)<\/th>\n<\/tr>\n<tr>\n<td>Thomas Heinemann<\/td>\n<td>12.11.2011 &#8211; heute<\/td>\n<\/tr>\n<tr>\n<td>Mario Levermann<\/td>\n<td>28.10.2005 &#8211; 12.11.2011<\/td>\n<\/tr>\n<tr>\n<td>Wilfried Siepe<\/td>\n<td>10.03.2000 &#8211; 28.10.2005<\/td>\n<\/tr>\n<tr>\n<td>Karl-Heinz Gro\u00dfkurth<\/td>\n<td>28.05.1994 &#8211; 12.11.1999<\/td>\n<\/tr>\n<tr>\n<td>Bernd Kenter<\/td>\n<td>11.01.1993 &#8211; 28.05.1994<\/td>\n<\/tr>\n<tr>\n<td>Heinz Krick<\/td>\n<td>24.11.1990 &#8211; 11.12.1992<\/td>\n<\/tr>\n<tr>\n<td>Karl Fla\u00dfhar<\/td>\n<td>20.01.1967 &#8211; 24.11.1990<\/td>\n<\/tr>\n<tr>\n<td>Franz Hermann<\/td>\n<td>17.01.1964 &#8211; 20.01.1967<\/td>\n<\/tr>\n<tr>\n<td>Ernst Wagener<\/td>\n<td>13.01.1961 &#8211; 17.01.1964<\/td>\n<\/tr>\n<tr>\n<td>Willi M\u00fcller<\/td>\n<td>18.01.1958 &#8211; 13.01.1961<\/td>\n<\/tr>\n<\/tbody>\n<\/table>\n<h4><span style=\"color: #0f3f74;\"><strong>Fotos einiger Veranstaltungen des Zuges<\/strong><\/span><\/h4>\n<table width=\"100%\">\n<tbody>\n<tr>\n<td>Planwagenfahrt<\/td>\n<td>Zugest<\/td>\n<td>Weihnachtsmarkt<\/td>\n<\/tr>\n<tr>\n<td><img decoding=\"async\" src=\"http:\/\/www.sgmeschede-nord.de\/wpress\/wp-content\/uploads\/2013\/02\/planwagenfahrt-zug3.jpg\" \/><\/td>\n<td><img decoding=\"async\" src=\"http:\/\/www.sgmeschede-nord.de\/wpress\/wp-content\/uploads\/2013\/02\/zugfest-zug3.jpg\" \/><\/td>\n<td><img decoding=\"async\" src=\"http:\/\/www.sgmeschede-nord.de\/wpress\/wp-content\/uploads\/2013\/02\/weihnactsmarkt-zug3.jpg\" \/><\/td>\n<\/tr>\n<\/tbody>\n<\/table>\n","protected":false},"excerpt":{"rendered":"<p>Zugf\u00fchrer Zug III Thomas Heinemann Siedlungsstra\u00dfe 44 Tel.: 0170-9932038 Mail: zug3@sgmeschede-nord.de In der Zugversammlung 2011 wurde Thomas Heinemann zum Zugf\u00fchrer des 3. Zuges gew\u00e4hlt, als Nachfolger von Mario Levermann der nicht mehr kandidierte. Mario Levermann wurde unter gro\u00dfem Applaus mit einem dicken Blumenstrau\u00df (den er sich mit seiner Lebensgef\u00e4hrtin teilen wird) und einem Bilderrahmen mit einer Sammlung Bilder aus seiner [&#8230;]<\/p>\n","protected":false},"author":1,"featured_media":0,"parent":4139,"menu_order":5,"comment_status":"closed","ping_status":"closed","template":"template-fullwidth.php","meta":{"pgc_sgb_lightbox_settings":"","footnotes":""},"class_list":["post-453","page","type-page","status-publish","hentry"],"_links":{"self":[{"href":"https:\/\/www.sgmeschede-nord.de\/wpress\/wp-json\/wp\/v2\/pages\/453","targetHints":{"allow":["GET"]}}],"collection":[{"href":"https:\/\/www.sgmeschede-nord.de\/wpress\/wp-json\/wp\/v2\/pages"}],"about":[{"href":"https:\/\/www.sgmeschede-nord.de\/wpress\/wp-json\/wp\/v2\/types\/page"}],"author":[{"embeddable":true,"href":"https:\/\/www.sgmeschede-nord.de\/wpress\/wp-json\/wp\/v2\/users\/1"}],"replies":[{"embeddable":true,"href":"https:\/\/www.sgmeschede-nord.de\/wpress\/wp-json\/wp\/v2\/comments?post=453"}],"version-history":[{"count":9,"href":"https:\/\/www.sgmeschede-nord.de\/wpress\/wp-json\/wp\/v2\/pages\/453\/revisions"}],"predecessor-version":[{"id":9363,"href":"https:\/\/www.sgmeschede-nord.de\/wpress\/wp-json\/wp\/v2\/pages\/453\/revisions\/9363"}],"up":[{"embeddable":true,"href":"https:\/\/www.sgmeschede-nord.de\/wpress\/wp-json\/wp\/v2\/pages\/4139"}],"wp:attachment":[{"href":"https:\/\/www.sgmeschede-nord.de\/wpress\/wp-json\/wp\/v2\/media?parent=453"}],"curies":[{"name":"wp","href":"https:\/\/api.w.org\/{rel}","templated":true}]}}

<p><strong>Zugführer Zug III</strong><br />
Thomas Heinemann<br />
Siedlungsstraße 44<br />
Tel.: 0170-9932038<br />
Mail: zug3@sgmeschede-nord.de</p>
<p><img decoding="async" src="http://www.sgmeschede-nord.de/wpress/wp-content/uploads/2013/02/thomas-heinemann-2013.jpg" /></p>
<p>In der Zugversammlung 2011 wurde Thomas Heinemann zum Zugführer des 3. Zuges gewählt, als Nachfolger von Mario Levermann der nicht mehr kandidierte. Mario Levermann wurde unter großem Applaus mit einem dicken Blumenstrauß (den er sich mit seiner Lebensgefährtin teilen wird) und einem Bilderrahmen mit einer Sammlung Bilder aus seiner aktiven Zugführerzeit, verabschiedet. Der Zug III möchte sich auf diesem Wege noch einmal recht herzlich für die von Mario geleistete Arbeit bedanken. Das Highlight im dritten Zug ist in jedem Sommer das Kartoffelbraten unterm Hainberg an der Spielmannsklause. Weiterhin wird regelmäßig ein Kegelturnier im Herbst, sowie eine Nikolausfeier im Winter ausgerichtet.</p>
<h4><span style="color: #0f3f74;"><strong>Bisherige Zugführer des III. Zuges</strong></span></h4>
<table width="100%">
<tbody>
<tr>
<th>Name</th>
<th>Zeitraum (von &#8211; bis)</th>
</tr>
<tr>
<td>Thomas Heinemann</td>
<td>12.11.2011 &#8211; heute</td>
</tr>
<tr>
<td>Mario Levermann</td>
<td>28.10.2005 &#8211; 12.11.2011</td>
</tr>
<tr>
<td>Wilfried Siepe</td>
<td>10.03.2000 &#8211; 28.10.2005</td>
</tr>
<tr>
<td>Karl-Heinz Großkurth</td>
<td>28.05.1994 &#8211; 12.11.1999</td>
</tr>
<tr>
<td>Bernd Kenter</td>
<td>11.01.1993 &#8211; 28.05.1994</td>
</tr>
<tr>
<td>Heinz Krick</td>
<td>24.11.1990 &#8211; 11.12.1992</td>
</tr>
<tr>
<td>Karl Flaßhar</td>
<td>20.01.1967 &#8211; 24.11.1990</td>
</tr>
<tr>
<td>Franz Hermann</td>
<td>17.01.1964 &#8211; 20.01.1967</td>
</tr>
<tr>
<td>Ernst Wagener</td>
<td>13.01.1961 &#8211; 17.01.1964</td>
</tr>
<tr>
<td>Willi Müller</td>
<td>18.01.1958 &#8211; 13.01.1961</td>
</tr>
</tbody>
</table>
<h4><span style="color: #0f3f74;"><strong>Fotos einiger Veranstaltungen des Zuges</strong></span></h4>
<table width="100%">
<tbody>
<tr>
<td>Planwagenfahrt</td>
<td>Zugest</td>
<td>Weihnachtsmarkt</td>
</tr>
<tr>
<td><img decoding="async" src="http://www.sgmeschede-nord.de/wpress/wp-content/uploads/2013/02/planwagenfahrt-zug3.jpg" /></td>
<td><img decoding="async" src="http://www.sgmeschede-nord.de/wpress/wp-content/uploads/2013/02/zugfest-zug3.jpg" /></td>
<td><img decoding="async" src="http://www.sgmeschede-nord.de/wpress/wp-content/uploads/2013/02/weihnactsmarkt-zug3.jpg" /></td>
</tr>
</tbody>
</table>

<p>Zugführer Zug III Thomas Heinemann Siedlungsstraße 44 Tel.: 0170-9932038 Mail: zug3@sgmeschede-nord.de In der Zugversammlung 2011 wurde Thomas Heinemann zum Zugführer des 3. Zuges gewählt, als Nachfolger von Mario Levermann der nicht mehr kandidierte. Mario Levermann wurde unter großem Applaus mit einem dicken Blumenstrauß (den er sich mit seiner Lebensgefährtin teilen wird) und einem Bilderrahmen mit einer Sammlung Bilder aus seiner [&#8230;]</p>
