{"id":457,"date":"2013-02-08T11:44:31","date_gmt":"2013-02-08T10:44:31","guid":{"rendered":"http:\/\/www.sgmeschede-nord.de\/wpress\/?page_id=457"},"modified":"2026-01-27T13:16:10","modified_gmt":"2026-01-27T12:16:10","slug":"sportschutzen","status":"publish","type":"page","link":"https:\/\/www.sgmeschede-nord.de\/wpress\/schuetzengemeinschaft\/sportschutzen\/","title":{"rendered":"Sportsch\u00fctzen"},"content":{"rendered":"<div id=\"pl-457\"  class=\"panel-layout\" ><div id=\"pg-457-0\"  class=\"panel-grid panel-no-style\" ><div id=\"pgc-457-0-0\"  class=\"panel-grid-cell\" ><div id=\"panel-457-0-0-0\" class=\"so-panel widget widget_text panel-first-child panel-last-child\" data-index=\"0\" >\t\t\t<div class=\"textwidget\"><strong>1. Vorsitzende<\/strong> <br>\nAlexander Kotthoff<br>\nTelefon: 0151\/22986570<br>\nMail: sportschuetzen@sgmeschede-nord.de\n\n<\/div>\n\t\t<\/div><\/div><div id=\"pgc-457-0-1\"  class=\"panel-grid-cell\" ><div id=\"panel-457-0-1-0\" class=\"so-panel widget widget_text panel-first-child panel-last-child\" data-index=\"1\" >\t\t\t<div class=\"textwidget\"><strong>Sportleiter<\/strong> <br>\nMarcel Goesmann<br>\nTelefon: <br>\nMail: sportleitersgmn@icloud.com\n\n<\/div>\n\t\t<\/div><\/div><div id=\"pgc-457-0-2\"  class=\"panel-grid-cell\" ><div id=\"panel-457-0-2-0\" class=\"so-panel widget widget_sow-image panel-first-child panel-last-child\" data-index=\"2\" ><div\n\t\t\t\n\t\t\tclass=\"so-widget-sow-image so-widget-sow-image-default-8b5b6f678277-457\"\n\t\t\t\n\t\t><\/div><\/div><\/div><\/div><div id=\"pg-457-1\"  class=\"panel-grid panel-no-style\" ><div id=\"pgc-457-1-0\"  class=\"panel-grid-cell\" ><div id=\"panel-457-1-0-0\" class=\"so-panel widget widget_text panel-first-child panel-last-child\" data-index=\"3\" >\t\t\t<div class=\"textwidget\"><p><strong> Ein Aush\u00e4ngeschild der Sch\u00fctzengemeinschaft: Die Sportsch\u00fctzen<\/strong><\/p>\n<p>Die Sportsch\u00fctzen sie jagen nach Pokalen und Medaillen. Bei jedem Wettkampf und jeder Meisterschaft sind sie dabei, denn ihr Ziel ist es erster zu werden.<br \/>\nSeit der Gr\u00fcndung 1971 stellen die Sportsch\u00fctzen unz\u00e4hlige Kreis,- Bezirks,- Landes,- und auch deutsche Meister. Das ist nur m\u00f6glich durch ihre ausgebildeten C-Trainer und  f\u00fcr die Sch\u00fcler und Jugend speziell ausgebildeten Person. Bei Wettk\u00e4mpfen mit den Nachbarvereinen werden auch Freundschaften gekn\u00fcpft, es ist wie eine gro\u00dfe Familie!<\/p>\n<p>Bei den Sportsch\u00fctzen wird nicht nur geschossen. Die Kameradschaftlichkeit ist ebenso wichtig. Hoch her geht es beim j\u00e4hrlichen Gem\u00fctlichen, hier werden die Vereinsmeister und Pokalsieger geehrt. Auch die Weihnachtsfeier mit ihrem Weihnachtsgansschie\u00dfen ist bei den Sportsch\u00fctzen ein muss!<\/p>\n<p>Zum Sch\u00fctzenfest der Sch\u00fctzengemeinschaft Meschede-Nord pr\u00e4sentieren sie sich in ihrer schwarz\/wei\u00dfen Kluft beim gro\u00dfen Festumzug.<\/p>\n<p>Es ist sehr wichtig Spa\u00df am Sport zu haben um mit viel Ehrgeiz und Gemeinschaftlichkeit zum Erfolg zu kommen!<\/p>\n<\/div>\n\t\t<\/div><\/div><\/div><div id=\"pg-457-2\"  class=\"panel-grid panel-no-style\" ><div id=\"pgc-457-2-0\"  class=\"panel-grid-cell\" ><div id=\"panel-457-2-0-0\" class=\"so-panel widget widget_text panel-first-child panel-last-child\" data-index=\"4\" >\t\t\t<div class=\"textwidget\"><p><strong>Trainingszeiten:<\/strong> <\/p>\n<p>Mittwochs:  Sch\u00fcler von 18:00 \u2013 20:00 Uhr<br \/>\nFreitags:      Sch\u00fcler von 18:30 -20:00 Uhr<br \/>\nFreitags:      Sch\u00fctzen\/innen von 20:00 \u2013 22:00 Uhr<\/p>\n<\/div>\n\t\t<\/div><\/div><div id=\"pgc-457-2-1\"  class=\"panel-grid-cell\" ><div id=\"panel-457-2-1-0\" class=\"so-panel widget widget_sow-image panel-first-child panel-last-child\" data-index=\"5\" ><div\n\t\t\t\n\t\t\tclass=\"so-widget-sow-image so-widget-sow-image-default-8b5b6f678277-457\"\n\t\t\t\n\t\t><\/div><\/div><\/div><\/div><div id=\"pg-457-3\"  class=\"panel-grid panel-no-style\" ><div id=\"pgc-457-3-0\"  class=\"panel-grid-cell panel-grid-cell-mobile-last\" ><div id=\"panel-457-3-0-0\" class=\"so-panel widget widget_text panel-first-child panel-last-child\" data-index=\"6\" >\t\t\t<div class=\"textwidget\"><p>Die Sportsch\u00fctzen der SG Meschede-Nord e.V. haben sich erfolgreich auf das F\u00f6rderprogramm &#8222;Digitalisierung gemeinn\u00fctziger Sportorganisationen in NRW&#8220; beworben und bekommen eine F\u00f6rderung \u00fcber 600 \u20ac f\u00fcr die Anschaffung eines Laptops f\u00fcr die Sportsch\u00fctzen-Vereinsarbeit aus der EFRE-F\u00f6rderung der EU und des Landes NRW.<\/p>\n<\/div>\n\t\t<\/div><\/div><div id=\"pgc-457-3-1\"  class=\"panel-grid-cell panel-grid-cell-empty\" ><\/div><\/div><div id=\"pg-457-4\"  class=\"panel-grid panel-no-style\" ><div id=\"pgc-457-4-0\"  class=\"panel-grid-cell\" ><div id=\"panel-457-4-0-0\" class=\"so-panel widget widget_sow-image panel-first-child panel-last-child\" data-index=\"7\" ><div\n\t\t\t\n\t\t\tclass=\"so-widget-sow-image so-widget-sow-image-default-8b5b6f678277-457\"\n\t\t\t\n\t\t>\n<div class=\"sow-image-container\">\n\t\t<img \n\tsrc=\"https:\/\/www.sgmeschede-nord.de\/wpress\/wp-content\/uploads\/2023\/08\/AK_Wirtschaft__Industrie__Klimaschutz_und_Energie_Farbig_CMYK-scaled-e1691442185713.jpg\" width=\"1275\" height=\"250\" srcset=\"https:\/\/www.sgmeschede-nord.de\/wpress\/wp-content\/uploads\/2023\/08\/AK_Wirtschaft__Industrie__Klimaschutz_und_Energie_Farbig_CMYK-scaled-e1691442185713.jpg 1275w, https:\/\/www.sgmeschede-nord.de\/wpress\/wp-content\/uploads\/2023\/08\/AK_Wirtschaft__Industrie__Klimaschutz_und_Energie_Farbig_CMYK-scaled-e1691442185713-300x59.jpg 300w, https:\/\/www.sgmeschede-nord.de\/wpress\/wp-content\/uploads\/2023\/08\/AK_Wirtschaft__Industrie__Klimaschutz_und_Energie_Farbig_CMYK-scaled-e1691442185713-1024x201.jpg 1024w, https:\/\/www.sgmeschede-nord.de\/wpress\/wp-content\/uploads\/2023\/08\/AK_Wirtschaft__Industrie__Klimaschutz_und_Energie_Farbig_CMYK-scaled-e1691442185713-768x151.jpg 768w\" sizes=\"(max-width: 1275px) 100vw, 1275px\" title=\"AK_Wirtschaft__Industrie__Klimaschutz_und_Energie_Farbig_CMYK\" alt=\"\" \t\tclass=\"so-widget-image\"\/>\n\t<\/div>\n\n<\/div><\/div><\/div><div id=\"pgc-457-4-1\"  class=\"panel-grid-cell panel-grid-cell-mobile-last\" ><div id=\"panel-457-4-1-0\" class=\"so-panel widget widget_sow-image panel-first-child panel-last-child\" data-index=\"8\" ><div\n\t\t\t\n\t\t\tclass=\"so-widget-sow-image so-widget-sow-image-default-8b5b6f678277-457\"\n\t\t\t\n\t\t>\n<div class=\"sow-image-container\">\n\t\t<img \n\tsrc=\"https:\/\/www.sgmeschede-nord.de\/wpress\/wp-content\/uploads\/2023\/08\/EU-Logo_mit_Foerderhinweis_farbig-scaled-e1691442240997.jpg\" width=\"1192\" height=\"250\" srcset=\"https:\/\/www.sgmeschede-nord.de\/wpress\/wp-content\/uploads\/2023\/08\/EU-Logo_mit_Foerderhinweis_farbig-scaled-e1691442240997.jpg 1192w, https:\/\/www.sgmeschede-nord.de\/wpress\/wp-content\/uploads\/2023\/08\/EU-Logo_mit_Foerderhinweis_farbig-scaled-e1691442240997-300x63.jpg 300w, https:\/\/www.sgmeschede-nord.de\/wpress\/wp-content\/uploads\/2023\/08\/EU-Logo_mit_Foerderhinweis_farbig-scaled-e1691442240997-1024x215.jpg 1024w, https:\/\/www.sgmeschede-nord.de\/wpress\/wp-content\/uploads\/2023\/08\/EU-Logo_mit_Foerderhinweis_farbig-scaled-e1691442240997-768x161.jpg 768w\" sizes=\"(max-width: 1192px) 100vw, 1192px\" title=\"EU-Logo_mit_Foerderhinweis_farbig\" alt=\"\" \t\tclass=\"so-widget-image\"\/>\n\t<\/div>\n\n<\/div><\/div><\/div><div id=\"pgc-457-4-2\"  class=\"panel-grid-cell panel-grid-cell-empty\" ><\/div><\/div><\/div>","protected":false},"excerpt":{"rendered":"<p>1. Vorsitzende Alexander Kotthoff Telefon: 0151\/22986570 Mail: sportschuetzen@sgmeschede-nord.de Sportleiter Marcel Goesmann Telefon: Mail: sportleitersgmn@icloud.com Ein Aush\u00e4ngeschild der Sch\u00fctzengemeinschaft: Die Sportsch\u00fctzen Die Sportsch\u00fctzen sie jagen nach Pokalen und Medaillen. Bei jedem Wettkampf und jeder Meisterschaft sind sie dabei, denn ihr Ziel ist es erster zu werden. Seit der Gr\u00fcndung 1971 stellen die Sportsch\u00fctzen unz\u00e4hlige Kreis,- Bezirks,- Landes,- und auch deutsche Meister. [&#8230;]<\/p>\n","protected":false},"author":1,"featured_media":0,"parent":4139,"menu_order":6,"comment_status":"closed","ping_status":"closed","template":"template-fullwidth.php","meta":{"pgc_sgb_lightbox_settings":"","footnotes":""},"class_list":["post-457","page","type-page","status-publish","hentry"],"_links":{"self":[{"href":"https:\/\/www.sgmeschede-nord.de\/wpress\/wp-json\/wp\/v2\/pages\/457","targetHints":{"allow":["GET"]}}],"collection":[{"href":"https:\/\/www.sgmeschede-nord.de\/wpress\/wp-json\/wp\/v2\/pages"}],"about":[{"href":"https:\/\/www.sgmeschede-nord.de\/wpress\/wp-json\/wp\/v2\/types\/page"}],"author":[{"embeddable":true,"href":"https:\/\/www.sgmeschede-nord.de\/wpress\/wp-json\/wp\/v2\/users\/1"}],"replies":[{"embeddable":true,"href":"https:\/\/www.sgmeschede-nord.de\/wpress\/wp-json\/wp\/v2\/comments?post=457"}],"version-history":[{"count":26,"href":"https:\/\/www.sgmeschede-nord.de\/wpress\/wp-json\/wp\/v2\/pages\/457\/revisions"}],"predecessor-version":[{"id":11837,"href":"https:\/\/www.sgmeschede-nord.de\/wpress\/wp-json\/wp\/v2\/pages\/457\/revisions\/11837"}],"up":[{"embeddable":true,"href":"https:\/\/www.sgmeschede-nord.de\/wpress\/wp-json\/wp\/v2\/pages\/4139"}],"wp:attachment":[{"href":"https:\/\/www.sgmeschede-nord.de\/wpress\/wp-json\/wp\/v2\/media?parent=457"}],"curies":[{"name":"wp","href":"https:\/\/api.w.org\/{rel}","templated":true}]}}

Sportschützen

<div id="pl-457"  class="panel-layout" ><div id="pg-457-0"  class="panel-grid panel-no-style" ><div id="pgc-457-0-0"  class="panel-grid-cell" ><div id="panel-457-0-0-0" class="so-panel widget widget_text panel-first-child panel-last-child" data-index="0" >			<div class="textwidget"><strong>1. Vorsitzende</strong> <br>
Alexander Kotthoff<br>
Telefon: 0151/22986570<br>
Mail: sportschuetzen@sgmeschede-nord.de

</div>
		</div></div><div id="pgc-457-0-1"  class="panel-grid-cell" ><div id="panel-457-0-1-0" class="so-panel widget widget_text panel-first-child panel-last-child" data-index="1" >			<div class="textwidget"><strong>Sportleiter</strong> <br>
Marcel Goesmann<br>
Telefon: <br>
Mail: sportleitersgmn@icloud.com

</div>
		</div></div><div id="pgc-457-0-2"  class="panel-grid-cell" ><div id="panel-457-0-2-0" class="so-panel widget widget_sow-image panel-first-child panel-last-child" data-index="2" ><div
			
			class="so-widget-sow-image so-widget-sow-image-default-8b5b6f678277-457"
			
		></div></div></div></div><div id="pg-457-1"  class="panel-grid panel-no-style" ><div id="pgc-457-1-0"  class="panel-grid-cell" ><div id="panel-457-1-0-0" class="so-panel widget widget_text panel-first-child panel-last-child" data-index="3" >			<div class="textwidget"><p><strong> Ein Aushängeschild der Schützengemeinschaft: Die Sportschützen</strong></p>
<p>Die Sportschützen sie jagen nach Pokalen und Medaillen. Bei jedem Wettkampf und jeder Meisterschaft sind sie dabei, denn ihr Ziel ist es erster zu werden.<br />
Seit der Gründung 1971 stellen die Sportschützen unzählige Kreis,- Bezirks,- Landes,- und auch deutsche Meister. Das ist nur möglich durch ihre ausgebildeten C-Trainer und  für die Schüler und Jugend speziell ausgebildeten Person. Bei Wettkämpfen mit den Nachbarvereinen werden auch Freundschaften geknüpft, es ist wie eine große Familie!</p>
<p>Bei den Sportschützen wird nicht nur geschossen. Die Kameradschaftlichkeit ist ebenso wichtig. Hoch her geht es beim jährlichen Gemütlichen, hier werden die Vereinsmeister und Pokalsieger geehrt. Auch die Weihnachtsfeier mit ihrem Weihnachtsgansschießen ist bei den Sportschützen ein muss!</p>
<p>Zum Schützenfest der Schützengemeinschaft Meschede-Nord präsentieren sie sich in ihrer schwarz/weißen Kluft beim großen Festumzug.</p>
<p>Es ist sehr wichtig Spaß am Sport zu haben um mit viel Ehrgeiz und Gemeinschaftlichkeit zum Erfolg zu kommen!</p>
</div>
		</div></div></div><div id="pg-457-2"  class="panel-grid panel-no-style" ><div id="pgc-457-2-0"  class="panel-grid-cell" ><div id="panel-457-2-0-0" class="so-panel widget widget_text panel-first-child panel-last-child" data-index="4" >			<div class="textwidget"><p><strong>Trainingszeiten:</strong> </p>
<p>Mittwochs:  Schüler von 18:00 – 20:00 Uhr<br />
Freitags:      Schüler von 18:30 -20:00 Uhr<br />
Freitags:      Schützen/innen von 20:00 – 22:00 Uhr</p>
</div>
		</div></div><div id="pgc-457-2-1"  class="panel-grid-cell" ><div id="panel-457-2-1-0" class="so-panel widget widget_sow-image panel-first-child panel-last-child" data-index="5" ><div
			
			class="so-widget-sow-image so-widget-sow-image-default-8b5b6f678277-457"
			
		></div></div></div></div><div id="pg-457-3"  class="panel-grid panel-no-style" ><div id="pgc-457-3-0"  class="panel-grid-cell panel-grid-cell-mobile-last" ><div id="panel-457-3-0-0" class="so-panel widget widget_text panel-first-child panel-last-child" data-index="6" >			<div class="textwidget"><p>Die Sportschützen der SG Meschede-Nord e.V. haben sich erfolgreich auf das Förderprogramm &#8222;Digitalisierung gemeinnütziger Sportorganisationen in NRW&#8220; beworben und bekommen eine Förderung über 600 € für die Anschaffung eines Laptops für die Sportschützen-Vereinsarbeit aus der EFRE-Förderung der EU und des Landes NRW.</p>
</div>
		</div></div><div id="pgc-457-3-1"  class="panel-grid-cell panel-grid-cell-empty" ></div></div><div id="pg-457-4"  class="panel-grid panel-no-style" ><div id="pgc-457-4-0"  class="panel-grid-cell" ><div id="panel-457-4-0-0" class="so-panel widget widget_sow-image panel-first-child panel-last-child" data-index="7" ><div
			
			class="so-widget-sow-image so-widget-sow-image-default-8b5b6f678277-457"
			
		>
<div class="sow-image-container">
		<img 
	src="https://www.sgmeschede-nord.de/wpress/wp-content/uploads/2023/08/AK_Wirtschaft__Industrie__Klimaschutz_und_Energie_Farbig_CMYK-scaled-e1691442185713.jpg" width="1275" height="250" srcset="https://www.sgmeschede-nord.de/wpress/wp-content/uploads/2023/08/AK_Wirtschaft__Industrie__Klimaschutz_und_Energie_Farbig_CMYK-scaled-e1691442185713.jpg 1275w, https://www.sgmeschede-nord.de/wpress/wp-content/uploads/2023/08/AK_Wirtschaft__Industrie__Klimaschutz_und_Energie_Farbig_CMYK-scaled-e1691442185713-300x59.jpg 300w, https://www.sgmeschede-nord.de/wpress/wp-content/uploads/2023/08/AK_Wirtschaft__Industrie__Klimaschutz_und_Energie_Farbig_CMYK-scaled-e1691442185713-1024x201.jpg 1024w, https://www.sgmeschede-nord.de/wpress/wp-content/uploads/2023/08/AK_Wirtschaft__Industrie__Klimaschutz_und_Energie_Farbig_CMYK-scaled-e1691442185713-768x151.jpg 768w" sizes="(max-width: 1275px) 100vw, 1275px" title="AK_Wirtschaft__Industrie__Klimaschutz_und_Energie_Farbig_CMYK" alt="" 		class="so-widget-image"/>
	</div>

</div></div></div><div id="pgc-457-4-1"  class="panel-grid-cell panel-grid-cell-mobile-last" ><div id="panel-457-4-1-0" class="so-panel widget widget_sow-image panel-first-child panel-last-child" data-index="8" ><div
			
			class="so-widget-sow-image so-widget-sow-image-default-8b5b6f678277-457"
			
		>
<div class="sow-image-container">
		<img 
	src="https://www.sgmeschede-nord.de/wpress/wp-content/uploads/2023/08/EU-Logo_mit_Foerderhinweis_farbig-scaled-e1691442240997.jpg" width="1192" height="250" srcset="https://www.sgmeschede-nord.de/wpress/wp-content/uploads/2023/08/EU-Logo_mit_Foerderhinweis_farbig-scaled-e1691442240997.jpg 1192w, https://www.sgmeschede-nord.de/wpress/wp-content/uploads/2023/08/EU-Logo_mit_Foerderhinweis_farbig-scaled-e1691442240997-300x63.jpg 300w, https://www.sgmeschede-nord.de/wpress/wp-content/uploads/2023/08/EU-Logo_mit_Foerderhinweis_farbig-scaled-e1691442240997-1024x215.jpg 1024w, https://www.sgmeschede-nord.de/wpress/wp-content/uploads/2023/08/EU-Logo_mit_Foerderhinweis_farbig-scaled-e1691442240997-768x161.jpg 768w" sizes="(max-width: 1192px) 100vw, 1192px" title="EU-Logo_mit_Foerderhinweis_farbig" alt="" 		class="so-widget-image"/>
	</div>

</div></div></div><div id="pgc-457-4-2"  class="panel-grid-cell panel-grid-cell-empty" ></div></div></div>

<p>1. Vorsitzende Alexander Kotthoff Telefon: 0151/22986570 Mail: sportschuetzen@sgmeschede-nord.de Sportleiter Marcel Goesmann Telefon: Mail: sportleitersgmn@icloud.com Ein Aushängeschild der Schützengemeinschaft: Die Sportschützen Die Sportschützen sie jagen nach Pokalen und Medaillen. Bei jedem Wettkampf und jeder Meisterschaft sind sie dabei, denn ihr Ziel ist es erster zu werden. Seit der Gründung 1971 stellen die Sportschützen unzählige Kreis,- Bezirks,- Landes,- und auch deutsche Meister. [&#8230;]</p>
