{"id":465,"date":"2013-02-08T12:36:21","date_gmt":"2013-02-08T11:36:21","guid":{"rendered":"http:\/\/www.sgmeschede-nord.de\/wpress\/?page_id=465"},"modified":"2024-07-21T22:13:56","modified_gmt":"2024-07-21T20:13:56","slug":"jugendabteilung","status":"publish","type":"page","link":"https:\/\/www.sgmeschede-nord.de\/wpress\/schuetzengemeinschaft\/jugendabteilung\/","title":{"rendered":"Jugendabteilung"},"content":{"rendered":"<p><strong>Jugendvertreter<\/strong><br \/>\nTobias Heinemann<br \/>\nSiedlungsstra\u00dfe 44<br \/>\n59872 Meschede<br \/>\nTel.: 0151 40136380<br \/>\nMail: jugend@sgmeschede-nord.de<\/p>\n<p>Seit 1999 wird am Sch\u00fctzenfest-Montag vor Beginn des K\u00f6nigs- und Vizek\u00f6nigsschie\u00dfens, ein Jungsch\u00fctzenk\u00f6nig ermittelt. Es werden Fahrten (zu Freilichtb\u00fchnen, Schwimmb\u00e4dern, Fu\u00dfballspielen&#8230;) mit den Jugendlichen zusammen geplant und durchgef\u00fchrt. Auch kleinere Veranstaltungen wie Bowlen, Fu\u00dfballspielen, Pizza essen etc. kommen nicht zu kurz.<br \/>\nDie Jungsch\u00fctzen treffen sich jeweils am ersten Mittwoch des Monats um 19:30 Uhr im Jugendraum am Vereinshaus an der Von-Westphalen-Stra\u00dfe. Wer Lust hat zusammen mit den Jungsch\u00fctzen Fahrten zu planen und gem\u00fctlich beisammen zu sein und zwischen 12 und 25 Jahre alt ist, ist herzlich eingeladen einmal unverbindlich zu diesen Treffen vorbei zu schauen.<\/p>\n<p><img decoding=\"async\" src=\"http:\/\/www.sgmeschede-nord.de\/wpress\/wp-content\/uploads\/2013\/02\/jugendabteilung2018_internet.jpg\" \/><\/p>\n<p><strong>Jungsch\u00fctzenk\u00f6nige<\/strong><\/p>\n<table width=\"100%\">\n<tbody>\n<tr>\n<th>Jahr<\/th>\n<th>Name<\/th>\n<\/tr>\n<tr>\n<td>2024<\/td>\n<td>Fynn Plemper<\/td>\n<\/tr>\n<tr>\n<td>2023<\/td>\n<td>Niklas Heinemann<\/td>\n<\/tr>\n<tr>\n<td>2022<\/td>\n<td>Steffen Goldhorn<\/td>\n<\/tr>\n<tr>\n<td>2019-2021<\/td>\n<td>Tobias Heinemann<\/td>\n<\/tr>\n<tr>\n<td>2018<\/td>\n<td>Adrian B\u00fchrmann<\/td>\n<\/tr>\n<tr>\n<td>2017<\/td>\n<td>Robin Langer<\/td>\n<\/tr>\n<tr>\n<td>2016<\/td>\n<td>Sebastian Krick<\/td>\n<\/tr>\n<tr>\n<td>2015<\/td>\n<td>Yannick B\u00fchrmann<\/td>\n<\/tr>\n<tr>\n<td>2014<\/td>\n<td>Rene Kevecordes<\/td>\n<\/tr>\n<tr>\n<td>2013<\/td>\n<td>Nils Pauloweit<\/td>\n<\/tr>\n<tr>\n<td>2012<\/td>\n<td>Jan-Niklas Teutenberg<\/td>\n<\/tr>\n<tr>\n<td>2011<\/td>\n<td>Sebastian Struwe<\/td>\n<\/tr>\n<tr>\n<td>2010<\/td>\n<td>Patrick K\u00f6ster<\/td>\n<\/tr>\n<tr>\n<td>2009<\/td>\n<td>Thomas Butz<\/td>\n<\/tr>\n<tr>\n<td>2008<\/td>\n<td>Fabian Krick<\/td>\n<\/tr>\n<tr>\n<td>2007<\/td>\n<td>Philipp K\u00e4mmerling<\/td>\n<\/tr>\n<tr>\n<td>2006<\/td>\n<td>Sebastian Keite<\/td>\n<\/tr>\n<tr>\n<td>2005<\/td>\n<td>Michael Schlinkert<\/td>\n<\/tr>\n<tr>\n<td>2004<\/td>\n<td>Michael Kahlert<\/td>\n<\/tr>\n<tr>\n<td>2003<\/td>\n<td>Dennis Burmann<\/td>\n<\/tr>\n<tr>\n<td>2002<\/td>\n<td>Daniel Hoffmann<\/td>\n<\/tr>\n<tr>\n<td>2001<\/td>\n<td>Dirk Siepe<\/td>\n<\/tr>\n<tr>\n<td>2000<\/td>\n<td>Stephan Kersting<\/td>\n<\/tr>\n<tr>\n<td>1999<\/td>\n<td>Holger Hennecke<\/td>\n<\/tr>\n<\/tbody>\n<\/table>\n","protected":false},"excerpt":{"rendered":"<p>Jugendvertreter Tobias Heinemann Siedlungsstra\u00dfe 44 59872 Meschede Tel.: 0151 40136380 Mail: jugend@sgmeschede-nord.de Seit 1999 wird am Sch\u00fctzenfest-Montag vor Beginn des K\u00f6nigs- und Vizek\u00f6nigsschie\u00dfens, ein Jungsch\u00fctzenk\u00f6nig ermittelt. Es werden Fahrten (zu Freilichtb\u00fchnen, Schwimmb\u00e4dern, Fu\u00dfballspielen&#8230;) mit den Jugendlichen zusammen geplant und durchgef\u00fchrt. Auch kleinere Veranstaltungen wie Bowlen, Fu\u00dfballspielen, Pizza essen etc. kommen nicht zu kurz. Die Jungsch\u00fctzen treffen sich jeweils am ersten [&#8230;]<\/p>\n","protected":false},"author":1,"featured_media":0,"parent":4139,"menu_order":7,"comment_status":"closed","ping_status":"closed","template":"template-fullwidth.php","meta":{"pgc_sgb_lightbox_settings":"","footnotes":""},"class_list":["post-465","page","type-page","status-publish","hentry"],"_links":{"self":[{"href":"https:\/\/www.sgmeschede-nord.de\/wpress\/wp-json\/wp\/v2\/pages\/465","targetHints":{"allow":["GET"]}}],"collection":[{"href":"https:\/\/www.sgmeschede-nord.de\/wpress\/wp-json\/wp\/v2\/pages"}],"about":[{"href":"https:\/\/www.sgmeschede-nord.de\/wpress\/wp-json\/wp\/v2\/types\/page"}],"author":[{"embeddable":true,"href":"https:\/\/www.sgmeschede-nord.de\/wpress\/wp-json\/wp\/v2\/users\/1"}],"replies":[{"embeddable":true,"href":"https:\/\/www.sgmeschede-nord.de\/wpress\/wp-json\/wp\/v2\/comments?post=465"}],"version-history":[{"count":54,"href":"https:\/\/www.sgmeschede-nord.de\/wpress\/wp-json\/wp\/v2\/pages\/465\/revisions"}],"predecessor-version":[{"id":10589,"href":"https:\/\/www.sgmeschede-nord.de\/wpress\/wp-json\/wp\/v2\/pages\/465\/revisions\/10589"}],"up":[{"embeddable":true,"href":"https:\/\/www.sgmeschede-nord.de\/wpress\/wp-json\/wp\/v2\/pages\/4139"}],"wp:attachment":[{"href":"https:\/\/www.sgmeschede-nord.de\/wpress\/wp-json\/wp\/v2\/media?parent=465"}],"curies":[{"name":"wp","href":"https:\/\/api.w.org\/{rel}","templated":true}]}}

<p><strong>Jugendvertreter</strong><br />
Tobias Heinemann<br />
Siedlungsstraße 44<br />
59872 Meschede<br />
Tel.: 0151 40136380<br />
Mail: jugend@sgmeschede-nord.de</p>
<p>Seit 1999 wird am Schützenfest-Montag vor Beginn des Königs- und Vizekönigsschießens, ein Jungschützenkönig ermittelt. Es werden Fahrten (zu Freilichtbühnen, Schwimmbädern, Fußballspielen&#8230;) mit den Jugendlichen zusammen geplant und durchgeführt. Auch kleinere Veranstaltungen wie Bowlen, Fußballspielen, Pizza essen etc. kommen nicht zu kurz.<br />
Die Jungschützen treffen sich jeweils am ersten Mittwoch des Monats um 19:30 Uhr im Jugendraum am Vereinshaus an der Von-Westphalen-Straße. Wer Lust hat zusammen mit den Jungschützen Fahrten zu planen und gemütlich beisammen zu sein und zwischen 12 und 25 Jahre alt ist, ist herzlich eingeladen einmal unverbindlich zu diesen Treffen vorbei zu schauen.</p>
<p><img decoding="async" src="http://www.sgmeschede-nord.de/wpress/wp-content/uploads/2013/02/jugendabteilung2018_internet.jpg" /></p>
<p><strong>Jungschützenkönige</strong></p>
<table width="100%">
<tbody>
<tr>
<th>Jahr</th>
<th>Name</th>
</tr>
<tr>
<td>2024</td>
<td>Fynn Plemper</td>
</tr>
<tr>
<td>2023</td>
<td>Niklas Heinemann</td>
</tr>
<tr>
<td>2022</td>
<td>Steffen Goldhorn</td>
</tr>
<tr>
<td>2019-2021</td>
<td>Tobias Heinemann</td>
</tr>
<tr>
<td>2018</td>
<td>Adrian Bührmann</td>
</tr>
<tr>
<td>2017</td>
<td>Robin Langer</td>
</tr>
<tr>
<td>2016</td>
<td>Sebastian Krick</td>
</tr>
<tr>
<td>2015</td>
<td>Yannick Bührmann</td>
</tr>
<tr>
<td>2014</td>
<td>Rene Kevecordes</td>
</tr>
<tr>
<td>2013</td>
<td>Nils Pauloweit</td>
</tr>
<tr>
<td>2012</td>
<td>Jan-Niklas Teutenberg</td>
</tr>
<tr>
<td>2011</td>
<td>Sebastian Struwe</td>
</tr>
<tr>
<td>2010</td>
<td>Patrick Köster</td>
</tr>
<tr>
<td>2009</td>
<td>Thomas Butz</td>
</tr>
<tr>
<td>2008</td>
<td>Fabian Krick</td>
</tr>
<tr>
<td>2007</td>
<td>Philipp Kämmerling</td>
</tr>
<tr>
<td>2006</td>
<td>Sebastian Keite</td>
</tr>
<tr>
<td>2005</td>
<td>Michael Schlinkert</td>
</tr>
<tr>
<td>2004</td>
<td>Michael Kahlert</td>
</tr>
<tr>
<td>2003</td>
<td>Dennis Burmann</td>
</tr>
<tr>
<td>2002</td>
<td>Daniel Hoffmann</td>
</tr>
<tr>
<td>2001</td>
<td>Dirk Siepe</td>
</tr>
<tr>
<td>2000</td>
<td>Stephan Kersting</td>
</tr>
<tr>
<td>1999</td>
<td>Holger Hennecke</td>
</tr>
</tbody>
</table>

<p>Jugendvertreter Tobias Heinemann Siedlungsstraße 44 59872 Meschede Tel.: 0151 40136380 Mail: jugend@sgmeschede-nord.de Seit 1999 wird am Schützenfest-Montag vor Beginn des Königs- und Vizekönigsschießens, ein Jungschützenkönig ermittelt. Es werden Fahrten (zu Freilichtbühnen, Schwimmbädern, Fußballspielen&#8230;) mit den Jugendlichen zusammen geplant und durchgeführt. Auch kleinere Veranstaltungen wie Bowlen, Fußballspielen, Pizza essen etc. kommen nicht zu kurz. Die Jungschützen treffen sich jeweils am ersten [&#8230;]</p>
