{"id":475,"date":"2013-02-08T12:53:38","date_gmt":"2013-02-08T11:53:38","guid":{"rendered":"http:\/\/www.sgmeschede-nord.de\/wpress\/?page_id=475"},"modified":"2024-06-07T01:05:24","modified_gmt":"2024-06-06T23:05:24","slug":"senioren","status":"publish","type":"page","link":"https:\/\/www.sgmeschede-nord.de\/wpress\/schuetzengemeinschaft\/senioren\/","title":{"rendered":"Senioren"},"content":{"rendered":"<p><strong>Seniorenleiter <\/strong><br \/>\n&#8211;<br \/>\nTel.: &#8211;<br \/>\nMail: senioren@SGMeschede-Nord.de<\/p>\n<p><img decoding=\"async\" src=\"-\" \/><\/p>\n<p>Liebe Seniorinnen und Senioren!<br \/>\n<em><strong>&#8222;Lachen, Singen, Freude bringen&#8220; <\/strong><\/em>&#8211; unter diesem Motto veranstaltet die Seniorenabteilung der SG Meschede Nord regelm\u00e4\u00dfig Bunte Nachmittage.<\/p>\n<p>Die Veranstaltungen finden leider unregelm\u00e4\u00dfig statt und werden im Vorfeld angek\u00fcndigt.<\/p>\n<p><img decoding=\"async\" src=\"-\" \/><br \/>\n<em><\/em><\/p>\n<p>Bei Kaffee und Kuchen sowie k\u00fchlen Getr\u00e4nken  vergehen die Stunden wie im Flug. Mit Franz Schellmann (Akkordeon) und Erich Mittag (Mundharmonika) werden Volks- und Wanderlieder gesungen. Ein fester Bestandteil jeder Veranstaltung ist die Gratulation zu den jeweiligen Geburtstagen. So hat jeder Teilnehmer einmal im Jahr die Gelegenheit mit Freunden im gr\u00f6\u00dferen Kreis zu feiern. Traditionell wird den Geburtstagskindern ein St\u00e4ndchen gesungen.<\/p>\n<p><em>Refrain:<br \/>\nLauter gute W\u00fcnsche und von Herzen Gl\u00fcck.<br \/>\nDazu nur Gesundheit, jeden Augenblick.<br \/>\nF\u00fcr ein ganzes Leben, soll der Sonnenschein!<br \/>\n:: Stets auf allen Wegen euer Begleiter sein::<\/em><\/p>\n","protected":false},"excerpt":{"rendered":"<p>Seniorenleiter &#8211; Tel.: &#8211; Mail: senioren@SGMeschede-Nord.de Liebe Seniorinnen und Senioren! &#8222;Lachen, Singen, Freude bringen&#8220; &#8211; unter diesem Motto veranstaltet die Seniorenabteilung der SG Meschede Nord regelm\u00e4\u00dfig Bunte Nachmittage. Die Veranstaltungen finden leider unregelm\u00e4\u00dfig statt und werden im Vorfeld angek\u00fcndigt. Bei Kaffee und Kuchen sowie k\u00fchlen Getr\u00e4nken vergehen die Stunden wie im Flug. Mit Franz Schellmann (Akkordeon) und Erich Mittag (Mundharmonika) [&#8230;]<\/p>\n","protected":false},"author":1,"featured_media":0,"parent":4139,"menu_order":8,"comment_status":"closed","ping_status":"closed","template":"template-fullwidth.php","meta":{"pgc_sgb_lightbox_settings":"","footnotes":""},"class_list":["post-475","page","type-page","status-publish","hentry"],"_links":{"self":[{"href":"https:\/\/www.sgmeschede-nord.de\/wpress\/wp-json\/wp\/v2\/pages\/475","targetHints":{"allow":["GET"]}}],"collection":[{"href":"https:\/\/www.sgmeschede-nord.de\/wpress\/wp-json\/wp\/v2\/pages"}],"about":[{"href":"https:\/\/www.sgmeschede-nord.de\/wpress\/wp-json\/wp\/v2\/types\/page"}],"author":[{"embeddable":true,"href":"https:\/\/www.sgmeschede-nord.de\/wpress\/wp-json\/wp\/v2\/users\/1"}],"replies":[{"embeddable":true,"href":"https:\/\/www.sgmeschede-nord.de\/wpress\/wp-json\/wp\/v2\/comments?post=475"}],"version-history":[{"count":16,"href":"https:\/\/www.sgmeschede-nord.de\/wpress\/wp-json\/wp\/v2\/pages\/475\/revisions"}],"predecessor-version":[{"id":10540,"href":"https:\/\/www.sgmeschede-nord.de\/wpress\/wp-json\/wp\/v2\/pages\/475\/revisions\/10540"}],"up":[{"embeddable":true,"href":"https:\/\/www.sgmeschede-nord.de\/wpress\/wp-json\/wp\/v2\/pages\/4139"}],"wp:attachment":[{"href":"https:\/\/www.sgmeschede-nord.de\/wpress\/wp-json\/wp\/v2\/media?parent=475"}],"curies":[{"name":"wp","href":"https:\/\/api.w.org\/{rel}","templated":true}]}}

<p><strong>Seniorenleiter </strong><br />
&#8211;<br />
Tel.: &#8211;<br />
Mail: senioren@SGMeschede-Nord.de</p>
<p><img decoding="async" src="-" /></p>
<p>Liebe Seniorinnen und Senioren!<br />
<em><strong>&#8222;Lachen, Singen, Freude bringen&#8220; </strong></em>&#8211; unter diesem Motto veranstaltet die Seniorenabteilung der SG Meschede Nord regelmäßig Bunte Nachmittage.</p>
<p>Die Veranstaltungen finden leider unregelmäßig statt und werden im Vorfeld angekündigt.</p>
<p><img decoding="async" src="-" /><br />
<em></em></p>
<p>Bei Kaffee und Kuchen sowie kühlen Getränken  vergehen die Stunden wie im Flug. Mit Franz Schellmann (Akkordeon) und Erich Mittag (Mundharmonika) werden Volks- und Wanderlieder gesungen. Ein fester Bestandteil jeder Veranstaltung ist die Gratulation zu den jeweiligen Geburtstagen. So hat jeder Teilnehmer einmal im Jahr die Gelegenheit mit Freunden im größeren Kreis zu feiern. Traditionell wird den Geburtstagskindern ein Ständchen gesungen.</p>
<p><em>Refrain:<br />
Lauter gute Wünsche und von Herzen Glück.<br />
Dazu nur Gesundheit, jeden Augenblick.<br />
Für ein ganzes Leben, soll der Sonnenschein!<br />
:: Stets auf allen Wegen euer Begleiter sein::</em></p>

<p>Seniorenleiter &#8211; Tel.: &#8211; Mail: senioren@SGMeschede-Nord.de Liebe Seniorinnen und Senioren! &#8222;Lachen, Singen, Freude bringen&#8220; &#8211; unter diesem Motto veranstaltet die Seniorenabteilung der SG Meschede Nord regelmäßig Bunte Nachmittage. Die Veranstaltungen finden leider unregelmäßig statt und werden im Vorfeld angekündigt. Bei Kaffee und Kuchen sowie kühlen Getränken vergehen die Stunden wie im Flug. Mit Franz Schellmann (Akkordeon) und Erich Mittag (Mundharmonika) [&#8230;]</p>
